hat is the hundreds digit of 95377?
3
What is the hundreds digit of 2026?
0
What is the thousands digit of 10795?
0
What is the thousands digit of 38066?
8
What is the ten thousands digit of 52225?
5
What is the units digit of 577?
7
What is the units digit of 25519?
9
What is the thousands digit of 2833?
2
What is the hundreds digit of 34561?
5
What is the hundreds digit of 689?
6
What is the units digit of 167?
7
What is the thousands digit of 1101?
1
What is the thousands digit of 12288?
2
What is the units digit of 3231?
1
What is the hundreds digit of 15864?
8
What is the thousands digit of 4753?
4
What is the ten thousands digit of 13241?
1
What is the tens digit of 37827?
2
What is the thousands digit of 20411?
0
What is the hundred thousands digit of 154313?
1
What is the units digit of 39123?
3
What is the hundreds digit of 9596?
5
What is the tens digit of 20?
2
What is the tens digit of 30415?
1
What is the hundreds digit of 2387?
3
What is the ten thousands digit of 99729?
9
What is the thousands digit of 6133?
6
What is the thousands digit of 18998?
8
What is the units digit of 7582?
2
What is the thousands digit of 4647?
4
What is the hundreds digit of 2261?
2
What is the thousands digit of 15200?
5
What is the units digit of 6397?
7
What is the thousands digit of 12287?
2
What is the thousands digit of 20114?
0
What is the tens digit of 6369?
6
What is the tens digit of 18865?
6
What is the hundreds digit of 1010?
0
What is the thousands digit of 116006?
6
What is the units digit of 1576?
6
What is the hundreds digit of 623?
6
What is the hundreds digit of 1299?
2
What is the hundreds digit of 10107?
1
What is the units digit of 3603?
3
What is the units digit of 408?
8
What is the tens digit of 47965?
6
What is the hundreds digit of 117664?
6
What is the units digit of 512?
2
What is the hundreds digit of 6233?
2
What is the hundreds digit of 2015?
0
What is the ten thousands digit of 16674?
1
What is the tens digit of 5494?
9
What is the tens digit of 1600?
0
What is the thousands digit of 3945?
3
What is the hundreds digit of 25762?
7
What is the units digit of 913?
3
What is the tens digit of 716?
1
What is the hundreds digit of 7466?
4
What is the tens digit of 1587?
8
What is the tens digit of 92319?
1
What is the thousands digit of 8813?
8
What is the thousands digit of 1056?
1
What is the ten thousands digit of 21823?
2
What is the ten thousands digit of 34696?
3
What is the thousands digit of 21752?
1
What is the thousands digit of 3217?
3
What is the tens digit of 478?
7
What is the tens digit of 5598?
9
What is the ten thousands digit of 17200?
1
What is the tens digit of 924?
2
What is the hundreds digit of 9520?
5
What is the thousands digit of 1404?
1
What is the tens digit of 924?
2
What is the units digit of 3872?
2
What is the ten thousands digit of 20862?
2
What is the hundreds digit of 1704?
7
What is the units digit of 80198?
8
What is the thousands digit of 2456?
2
What is the hundreds digit of 514?
5
What is the hundreds digit of 9599?
5
What is the thousands digit of 7075?
7
What is the hundreds digit of 2107?
1
What is the tens digit of 10672?
7
What is the tens digit of 621?
2
What is the hundreds digit of 9162?
1
What is the tens digit of 1629?
2
What is the ten thousands digit of 36370?
3
What is the thousands digit of 43418?
3
What is the units digit of 23417?
7
What is the units digit of 9894?
4
What is the hundreds digit of 127690?
6
What is the hundreds digit of 2169?
1
What is the ten thousands digit of 140144?
4
What is the hundreds digit of 232?
2
What is the ten thousands digit of 102866?
0
What is the tens digit of 12?
1
What is the hundreds digit of 705?
7
What is the units digit of 182?
2
What is the hundreds digit of 66234?
2
What is the hundreds digit of 481?
4
What is the tens digit of 5946?
4
What is the tens digit of 571?
7
What is the units digit of 5105?
5
What is the tens digit of 2570?
7
What is the tens digit of 24558?
5
What is the tens digit of 16253?
5
What is the ten thousands digit of 46793?
4
What is the tens digit of 1900?
0
What is the tens digit of 13668?
6
What is the units digit of 93897?
7
What is the thousands digit of 2770?
2
What is the units digit of 8635?
5
What is the tens digit of 198?
9
What is the hundreds digit of 1096?
0
What is the units digit of 1143?
3
What is the hundreds digit of 239?
2
What is the thousands digit of 86834?
6
What is the tens digit of 2294?
9
What is the units digit of 916?
6
What is the tens digit of 5132?
3
What is the tens digit of 2345?
4
What is the thousands digit of 5693?
5
What is the tens digit of 6547?
4
What is the hundreds digit of 1859?
8
What is the units digit of 7202?
2
What is the thousands digit of 1760?
1
What is the ten thousands digit of 18740?
1
What is the thousands digit of 5337?
5
What is the hundreds digit of 6828?
8
What is the units digit of 589?
9
What is the units digit of 34?
4
What is the hundreds digit of 12247?
2
What is the ten thousands digit of 43233?
4
What is the thousands digit of 1374?
1
What is the thousands digit of 8289?
8
What is the units digit of 434?
4
What is the tens digit of 709?
0
What is the tens digit of 247?
4
What is the tens digit of 3035?
3
What is the ten thousands digit of 14560?
1
What is the units digit of 3938?
8
What is the hundreds digit of 51844?
8
What is the tens digit of 5042?
4
What is the units digit of 1501?
1
What is the units digit of 13?
3
What is the hundreds digit of 3197?
1
What is the units digit of 1418?
8
What is the thousands digit of 5122?
5
What is the units digit of 10312?
2
What is the hundreds digit of 1893?
8
What is the tens digit of 6501?
0
What is the tens digit of 643?
4
What is the hundreds digit of 6672?
6
What is the thousands digit of 3268?
3
What is the ten thousands digit of 20108?
2
What is the ten thousands digit of 17171?
1
What is the units digit of 2097?
7
What is the units digit of 18975?
5
What is the units digit of 111451?
1
What is the units digit of 7187?
7
What is the tens digit of 552?
5
What is the tens digit of 66561?
6
What is the tens digit of 3101?
0
What is the tens digit of 51236?
3
What is the ten thousands digit of 20199?
2
What is the ten thousands digit of 26047?
2
What is the units digit of 1135?
5
What is the hundreds digit of 1907?
9
What is the tens digit of 73228?
2
What is the tens digit of 1589?
8
What is the thousands digit of 1088?
1
What is the units digit of 40473?
3
What is the units digit of 2438?
8
What is the tens digit of 613?
1
What is the units digit of 2858?
8
What is the units digit of 1339?
9
What is the hundreds digit of 182?
1
What is the thousands digit of 6916?
6
What is the ten thousands digit of 15679?
1
What is the thousands digit of 9320?
9
What is the thousands digit of 6342?
6
What is the tens digit of 47514?
1
What is the units digit of 176?
6
What is the thousands digit of 1343?
1
What is the tens digit of 1036?
3
What is the hundreds digit of 326?
3
What is the hundreds digit of 747?
7
What is the ten thousands digit of 31003?
3
What is the thousands digit of 1317?
1
What is the tens digit of 4488?
8
What is the units digit of 29430?
0
What is the hundreds digit of 921?
9
What is the hundred thousands digit of 112395?
1
What is the ten thousands digit of 145406?
4
What is the hundreds digit of 79641?
6
What is the hundreds digit of 1377?
3
What is the tens digit of 5433?
3
What is the units digit of 901?
1
What is the tens digit of 92173?
7
What is the tens digit of 53?
5
What is the ten thousands digit of 25891?
2
What is the tens digit of 6375?
7
What is the thousands digit of 41390?
1
What is the hundreds digit of 1364?
3
What is the tens digit of 15863?
6
What is the units digit of 2127?
7
What is the hundred thousands digit of 118326?
1
What is the thousands digit of 2562?
2
What is the tens digit of 184?
8
What is the units digit of 15584?
4
What is the units digit of 29199?
9
What is the hundreds digit of 2401?
4
What is the hundreds digit of 2183?
1
What is the units digit of 7925?
5
What is the ten thousands digit of 32272?
3
What is the hundreds digit of 3768?
7
What is the units digit of 34?
4
What is the thousands digit of 6806?
6
What is the hundreds digit of 49975?
9